{"id":1611,"date":"2016-05-11T19:42:58","date_gmt":"2016-05-11T19:42:58","guid":{"rendered":"http:\/\/colegiosabioviver.com.br\/site\/?page_id=1611"},"modified":"2021-01-27T22:01:25","modified_gmt":"2021-01-27T22:01:25","slug":"estrutura","status":"publish","type":"page","link":"http:\/\/colegiosabioviver.com.br\/?page_id=1611","title":{"rendered":"Estrutura"},"content":{"rendered":"<p><img loading=\"lazy\" class=\"alignnone wp-image-1614 size-full\" src=\"http:\/\/colegiosabioviver.com.br\/site\/wp-content\/uploads\/2016\/05\/estr3.png\" alt=\"\" width=\"213\" height=\"170\" srcset=\"http:\/\/colegiosabioviver.com.br\/wp-content\/uploads\/2016\/05\/estr3.png 213w, http:\/\/colegiosabioviver.com.br\/wp-content\/uploads\/2016\/05\/estr3-63x50.png 63w\" sizes=\"(max-width: 213px) 100vw, 213px\" \/><strong>Unidade I I &#8211;<\/strong> Ensino Fundamental: Ensino Fundamental 1\u00ba ano ao 9 \u00ba ano.<\/p>\n<p>&nbsp;<\/p>\n<p><img loading=\"lazy\" class=\"alignnone size-full wp-image-1613\" src=\"http:\/\/colegiosabioviver.com.br\/site\/wp-content\/uploads\/2016\/05\/estr2.png\" alt=\"estr2\" width=\"213\" height=\"170\" srcset=\"http:\/\/colegiosabioviver.com.br\/wp-content\/uploads\/2016\/05\/estr2.png 213w, http:\/\/colegiosabioviver.com.br\/wp-content\/uploads\/2016\/05\/estr2-63x50.png 63w\" sizes=\"(max-width: 213px) 100vw, 213px\" \/><strong>Unidade III &#8211;<\/strong> Educa\u00e7\u00e3o Infantil: Maternal e jardim &#8211; alunos de 2 anos \u00e0 5 anos de idade.<\/p>\n<p>&nbsp;<\/p>\n<p><img loading=\"lazy\" class=\"alignnone size-full wp-image-1617\" src=\"http:\/\/colegiosabioviver.com.br\/site\/wp-content\/uploads\/2016\/05\/estr5-1.jpg\" alt=\"estr5 (1)\" width=\"213\" height=\"170\" srcset=\"http:\/\/colegiosabioviver.com.br\/wp-content\/uploads\/2016\/05\/estr5-1.jpg 213w, http:\/\/colegiosabioviver.com.br\/wp-content\/uploads\/2016\/05\/estr5-1-63x50.jpg 63w\" sizes=\"(max-width: 213px) 100vw, 213px\" \/>Integral<\/p>\n<p>&nbsp;<\/p>\n<p><img loading=\"lazy\" class=\"alignnone size-full wp-image-1618\" src=\"http:\/\/colegiosabioviver.com.br\/site\/wp-content\/uploads\/2016\/05\/estr4.png\" alt=\"estr4\" width=\"213\" height=\"170\" srcset=\"http:\/\/colegiosabioviver.com.br\/wp-content\/uploads\/2016\/05\/estr4.png 213w, http:\/\/colegiosabioviver.com.br\/wp-content\/uploads\/2016\/05\/estr4-63x50.png 63w\" sizes=\"(max-width: 213px) 100vw, 213px\" \/>O Col\u00e9gio S\u00e1bio Viver disp\u00f5e aos seus alunos: Quadra coberta, refeit\u00f3rio, esporte (Jud\u00f4, Street Dance, Ballet e Futebol).<\/p>\n","protected":false},"excerpt":{"rendered":"<p>Unidade I I &#8211; Ensino Fundamental: Ensino Fundamental 1\u00ba ano ao 9 \u00ba ano. &nbsp; Unidade III &#8211; Educa\u00e7\u00e3o Infantil: Maternal e jardim &#8211; alunos de 2 anos \u00e0 5 anos de idade. &nbsp; Integral &nbsp; O Col\u00e9gio S\u00e1bio Viver disp\u00f5e aos seus alunos: Quadra coberta, refeit\u00f3rio, esporte (Jud\u00f4, Street Dance, Ballet e Futebol).<\/p>\n","protected":false},"author":1,"featured_media":0,"parent":0,"menu_order":0,"comment_status":"closed","ping_status":"closed","template":"","meta":[],"_links":{"self":[{"href":"http:\/\/colegiosabioviver.com.br\/index.php?rest_route=\/wp\/v2\/pages\/1611"}],"collection":[{"href":"http:\/\/colegiosabioviver.com.br\/index.php?rest_route=\/wp\/v2\/pages"}],"about":[{"href":"http:\/\/colegiosabioviver.com.br\/index.php?rest_route=\/wp\/v2\/types\/page"}],"author":[{"embeddable":true,"href":"http:\/\/colegiosabioviver.com.br\/index.php?rest_route=\/wp\/v2\/users\/1"}],"replies":[{"embeddable":true,"href":"http:\/\/colegiosabioviver.com.br\/index.php?rest_route=%2Fwp%2Fv2%2Fcomments&post=1611"}],"version-history":[{"count":5,"href":"http:\/\/colegiosabioviver.com.br\/index.php?rest_route=\/wp\/v2\/pages\/1611\/revisions"}],"predecessor-version":[{"id":2463,"href":"http:\/\/colegiosabioviver.com.br\/index.php?rest_route=\/wp\/v2\/pages\/1611\/revisions\/2463"}],"wp:attachment":[{"href":"http:\/\/colegiosabioviver.com.br\/index.php?rest_route=%2Fwp%2Fv2%2Fmedia&parent=1611"}],"curies":[{"name":"wp","href":"https:\/\/api.w.org\/{rel}","templated":true}]}}