{"id":1683,"date":"2016-05-12T15:47:12","date_gmt":"2016-05-12T15:47:12","guid":{"rendered":"http:\/\/colegiosabioviver.com.br\/site\/?page_id=1683"},"modified":"2016-05-12T15:47:12","modified_gmt":"2016-05-12T15:47:12","slug":"educacao-infantil","status":"publish","type":"page","link":"http:\/\/colegiosabioviver.com.br\/?page_id=1683","title":{"rendered":"Educa\u00e7\u00e3o Infantil"},"content":{"rendered":"<p>Unidade III &#8211; Educa\u00e7\u00e3o Infantil: Maternal e jardim &#8211; alunos de 1 ano e 8 meses \u00e0 5 anos de idade.<\/p>\n<p>A educa\u00e7\u00e3o infantil, tem papel social importante no desenvolvimento humano e social e \u00e9 com este pensamento, que buscamos preparar nossas crian\u00e7as desde muito cedo. Sabemos de todos os cuidados que s\u00e3o necess\u00e1rios para ensinar nossos pequeninos, e estes cuidados, envolvem acima de tudo o preparo para o total envolvimento, do social com o cultural. Nesse sentido, temos uma especial preocupa\u00e7\u00e3o com o ensino infantil, assim sendo, contamos com profissionais experientes e especializados, tendo como objetivo exercitar a capacita\u00e7\u00e3o de nossos alunos, oportunizando todas as formas de express\u00e3o e constru\u00e7\u00e3o do conhecimento. Em excelentes instala\u00e7\u00f5es, nosso ber\u00e7\u00e1rio atende crian\u00e7as de zero a cinco anos.<\/p>\n","protected":false},"excerpt":{"rendered":"<p>Unidade III &#8211; Educa\u00e7\u00e3o Infantil: Maternal e jardim &#8211; alunos de 1 ano e 8 meses \u00e0 5 anos de idade. A educa\u00e7\u00e3o infantil, tem papel social importante no desenvolvimento humano e social e \u00e9 com este pensamento, que buscamos preparar nossas crian\u00e7as desde muito cedo. Sabemos de todos os cuidados que s\u00e3o necess\u00e1rios para [&hellip;]<\/p>\n","protected":false},"author":1,"featured_media":0,"parent":0,"menu_order":0,"comment_status":"closed","ping_status":"closed","template":"","meta":[],"_links":{"self":[{"href":"http:\/\/colegiosabioviver.com.br\/index.php?rest_route=\/wp\/v2\/pages\/1683"}],"collection":[{"href":"http:\/\/colegiosabioviver.com.br\/index.php?rest_route=\/wp\/v2\/pages"}],"about":[{"href":"http:\/\/colegiosabioviver.com.br\/index.php?rest_route=\/wp\/v2\/types\/page"}],"author":[{"embeddable":true,"href":"http:\/\/colegiosabioviver.com.br\/index.php?rest_route=\/wp\/v2\/users\/1"}],"replies":[{"embeddable":true,"href":"http:\/\/colegiosabioviver.com.br\/index.php?rest_route=%2Fwp%2Fv2%2Fcomments&post=1683"}],"version-history":[{"count":1,"href":"http:\/\/colegiosabioviver.com.br\/index.php?rest_route=\/wp\/v2\/pages\/1683\/revisions"}],"predecessor-version":[{"id":1684,"href":"http:\/\/colegiosabioviver.com.br\/index.php?rest_route=\/wp\/v2\/pages\/1683\/revisions\/1684"}],"wp:attachment":[{"href":"http:\/\/colegiosabioviver.com.br\/index.php?rest_route=%2Fwp%2Fv2%2Fmedia&parent=1683"}],"curies":[{"name":"wp","href":"https:\/\/api.w.org\/{rel}","templated":true}]}}