{"id":8,"date":"2015-05-20T11:45:57","date_gmt":"2015-05-20T11:45:57","guid":{"rendered":"http:\/\/masterstudy.stylemixthemes.com\/demo\/?page_id=8"},"modified":"2023-11-06T16:08:09","modified_gmt":"2023-11-06T16:08:09","slug":"front-page","status":"publish","type":"page","link":"https:\/\/colegiosabioviver.com.br\/","title":{"rendered":"Front Page"},"content":{"rendered":"<div data-vc-full-width=\"true\" data-vc-full-width-init=\"false\" data-vc-stretch-content=\"true\" class=\"vc_row wpb_row vc_row-fluid vc_custom_1432531325225 vc_row-no-padding\"><div class=\"wpb_column vc_column_container vc_col-sm-12\"><div class=\"wpb_wrapper\"><\/div><\/div><\/div><div class=\"vc_row-full-width\"><\/div><div data-vc-full-width=\"true\" data-vc-full-width-init=\"false\" class=\"vc_row wpb_row vc_row-fluid overflowed_content vc_custom_1436163428614\"><div class=\"wpb_column vc_column_container vc_col-sm-4 vc_custom_1434610604765\"><div class=\"wpb_wrapper\">\t<div class=\"icon_box dark clearfix\" style=\"background:#307ad5; color:#ffffff\">\n\t\t<div class=\"icon_alignment_center\">\n\t\t\t\t\t\t\t<div class=\"icon\" style=height:69px>\n\t\t\t\t\t<i style=\"font-size: 63px; color:#ffffff\" class=\"fa fa-icon-stm_icon_teacher\"><\/i>\n\t\t\t\t<\/div>\n\t\t\t\t\t\t\n\t\t\t<div class=\"icon_text\">\n\t\t\t\t\t\t\t\t\t<h3 style=\"color:#ffffff\">EDUCA\u00c7\u00c3O INFANTIL<\/h3>\n\t\t\t\t\t\t\t\t<p style=\"text-align: left;\">Unidade III &#8211; Educa\u00e7\u00e3o Infantil: Maternal e jardim &#8211; alunos de 1 ano e 8 meses \u00e0 5 anos de idade.<\/p>\n<p style=\"text-align: left;\"><strong>Rua: Surucuas, 163<\/strong><\/p>\n<p style=\"text-align: justify;\"><a href=\"http:\/\/colegiosabioviver.com.br\/?page_id=1683\">+ Detalhes<\/a><\/p>\n\t\t\t<\/div>\n\t\t<\/div> <!-- align icons -->\n\t<\/div>\t<div class=\"vc_empty_space\"  style=\"height: 15px\" ><span\n\t\t\tclass=\"vc_empty_space_inner\"><\/span><\/div>\n\n<\/div><\/div><div class=\"wpb_column vc_column_container vc_col-sm-4 vc_custom_1434610598979\"><div class=\"wpb_wrapper\">\t<div class=\"icon_box vc_custom_1601925237111 dark clearfix\" style=\"background:#fdc735; color:#ffffff\">\n\t\t<div class=\"icon_alignment_center\">\n\t\t\t\t\t\t\t<div class=\"icon\" style=height:69px>\n\t\t\t\t\t<i style=\"font-size: 73px; color:#ffffff\" class=\"fa fa-icon-stm_icon_book\"><\/i>\n\t\t\t\t<\/div>\n\t\t\t\t\t\t\n\t\t\t<div class=\"icon_text\">\n\t\t\t\t\t\t\t\t\t<h3 style=\"color:#ffffff\">ENSINO FUNDAMENTAL l e II<\/h3>\n\t\t\t\t\t\t\t\t<p style=\"text-align: left;\">Unidade II &#8211; Ensino Fundamental: Ensino Fundamental 1\u00ba ano ao 9 \u00ba ano.<\/p>\n<p style=\"text-align: left;\"><strong>Rua: Cangamba, 80<\/strong><\/p>\n<p style=\"text-align: justify;\"><a href=\"http:\/\/colegiosabioviver.com.br\/?page_id=1681\">+ Detalhes<\/a><\/p>\n\t\t\t<\/div>\n\t\t<\/div> <!-- align icons -->\n\t<\/div>\t<div class=\"vc_empty_space\"  style=\"height: 15px\" ><span\n\t\t\tclass=\"vc_empty_space_inner\"><\/span><\/div>\n\n<\/div><\/div><div class=\"wpb_column vc_column_container vc_col-sm-4 vc_custom_1434610589736\"><div class=\"wpb_wrapper\">\t<div class=\"icon_box vc_custom_1611618397825 dark clearfix\" style=\"background:#0098da; color:#ffffff\">\n\t\t<div class=\"icon_alignment_center\">\n\t\t\t\t\t\t\t<div class=\"icon\" style=height:69px>\n\t\t\t\t\t<i style=\"font-size: 73px; color:#ffffff\" class=\"fa fa-icon-stm_icon_phone-o\"><\/i>\n\t\t\t\t<\/div>\n\t\t\t\t\t\t\n\t\t\t<div class=\"icon_text\">\n\t\t\t\t\t\t\t\t\t<h3 style=\"color:#ffffff\">CONTATO<\/h3>\n\t\t\t\t\t\t\t\t<p style=\"text-align: left;\">Ensino Infantil<br \/>\nEnsino Fundamental I e II<\/p>\n<p style=\"text-align: justify;\"><a href=\"http:\/\/colegiosabioviver.com.br\/?page_id=793\">+ Detalhes<\/a><\/p>\n\t\t\t<\/div>\n\t\t<\/div> <!-- align icons -->\n\t<\/div>\t<div class=\"vc_empty_space\"  style=\"height: 15px\" ><span\n\t\t\tclass=\"vc_empty_space_inner\"><\/span><\/div>\n\n<\/div><\/div><\/div><div class=\"vc_row-full-width\"><\/div><div class=\"vc_row wpb_row vc_row-fluid vc_custom_1433832974908\"><div class=\"wpb_column vc_column_container vc_col-sm-12\"><div class=\"wpb_wrapper\">\t<div class=\"vc_empty_space\"  style=\"height: 10px\" ><span\n\t\t\tclass=\"vc_empty_space_inner\"><\/span><\/div>\n\n<div class=\"vc_custom_heading\" ><h2 style=\"color: #3d82bf;text-align: center;font-family:Montserrat;font-weight:700;font-style:normal\" >COL\u00c9GIO S\u00c1BIO VIVER<\/h2><\/div>\n\t<div class=\"stm_colored_separator\">\n\t\t<div class=\"triangled_colored_separator\" style=\"background-color:#fdc735; \">\n\t\t\t<div class=\"triangle\" style=\"border-bottom-color:#fdc735;\"><\/div>\n\t\t<\/div>\n\t<\/div>\n\t<div class=\"wpb_text_column wpb_content_element \">\n\t\t<div class=\"wpb_wrapper\">\n\t\t\t<p style=\"text-align: center;\">O Col\u00e9gio S\u00e1bio Viver, foi fundado em 7 de janeiro de 2003, com o nome de N\u00facleo de Educa\u00e7\u00e3o e Recrea\u00e7\u00e3o Infantil S\u00e1bio Viver.<\/p>\n<p style=\"text-align: center;\">A hist\u00f3ria do Col\u00e9gio S\u00e1bio Viver \u00e9 de um lindo sonho que ao longo destes anos vem se realizando com a ajuda de Deus e de toda minha equipe.<br \/>\nA princ\u00edpio o Col\u00e9gio foi criado por uma necessidade pr\u00f3pria, eu n\u00e3o tinha com quem deixar meu filho Pedro Henrique que estava com 2 anos, para trabalhar no per\u00edodo de 10 horas por dia.<\/p>\n\n\t\t<\/div> \n\t<\/div> \t<div class=\"vc_btn3-container vc_btn3-center\"><a class=\"vc_general vc_btn3 vc_btn3-size-md vc_btn3-shape-rounded vc_btn3-style-modern vc_btn3-color-primary\" href=\"http:\/\/colegiosabioviver.com.br\/?page_id=1609\" title=\"\" target=\"_self\">Saiba Mais<\/a><\/div><\/div><\/div><\/div><div data-vc-full-width=\"true\" data-vc-full-width-init=\"false\" data-vc-parallax=\"1.5\" data-vc-parallax-o-fade=\"on\" data-vc-parallax-image=\"https:\/\/colegiosabioviver.com.br\/wp-content\/uploads\/2015\/05\/fig1222.jpg\" class=\"vc_row wpb_row vc_row-fluid stm_fixed_background vc_custom_1456422096087 vc_general vc_parallax vc_parallax-content-moving-fade js-vc_parallax-o-fade\"><div class=\"wpb_column vc_column_container vc_col-sm-12\"><div class=\"wpb_wrapper\"><div class=\"vc_custom_heading\" ><h2 style=\"font-size: 32px;color: #ffffff;line-height: 48px;text-align: center;font-family:Montserrat;font-weight:700;font-style:normal\" >ESTRUTURAS<\/h2><\/div><div class=\"vc_row wpb_row vc_inner vc_row-fluid\"><div class=\"wpb_column vc_column_container vc_col-sm-12\"><div class=\"wpb_wrapper\">\n\t<div class=\"stm_colored_separator vc_custom_1436163568935\">\n\t\t<div class=\"triangled_colored_separator\" style=\"background-color:#fdc735; \">\n\t\t\t<div class=\"triangle\" style=\"border-bottom-color:#fdc735;\"><\/div>\n\t\t<\/div>\n\t<\/div>\n\t<div class=\"wpb_text_column wpb_content_element  vc_custom_1456342028030\">\n\t\t<div class=\"wpb_wrapper\">\n\t\t\t<h4 style=\"text-align: center;\"><span style=\"color: #ffffff;\">Venha conhecer!<\/span><\/h4>\n\n\t\t<\/div> \n\t<\/div> <\/div><\/div><\/div><div class=\"vc_row wpb_row vc_inner vc_row-fluid vc_custom_1436163882282\"><div class=\"wpb_column vc_column_container vc_col-sm-3\"><div class=\"wpb_wrapper\">\n<div class=\"stats_counter text-center\" style=\"color:#ffffff\">\n\t\t\t<div class=\"icon\" style=\"height: 72px;\"><i style=\"font-size: 65px;\" class=\"fa fa-icon-stm_icon_dribble\"><\/i><\/div>\n\t\t\t\t<div class=\"h1\" id=\"counter_5165\" style=\"color:#eab830\"><\/div>\n\t\t\t\t<div class=\"stats_counter_title h5\" style=\"color:#ffffff\">QUADRA<\/div>\n\t\t\t\t<script type=\"text\/javascript\">\n\t\t\tjQuery(document).ready(function($) {\n\t\t\t\tvar counter_5165 = new countUp(\"counter_5165\", 0, 1, 0, 2.5, {\n\t\t\t\t\tuseEasing : true,\n\t\t\t\t\tuseGrouping: true,\n\t\t\t\t\tseparator : ',',\n\t\t\t\t});\n\t\t\t\t\n\t\t\t\t$(window).scroll(function(){\n\t\t\t\t\tif( $(\"#counter_5165\").is_on_screen() ){\n\t\t\t\t\t\tcounter_5165.start();\n\t\t\t\t\t}\n\t\t\t\t});\n\t\t\t});\n\t\t<\/script>\n\t<\/div><\/div><\/div><div class=\"wpb_column vc_column_container vc_col-sm-3\"><div class=\"wpb_wrapper\">\n<div class=\"stats_counter text-center\" style=\"color:#fff\">\n\t\t\t<div class=\"icon\" style=\"height: 72px;\"><i style=\"font-size: 71px;\" class=\"fa fa-icon-stm_icon_book_stack\"><\/i><\/div>\n\t\t\t\t<div class=\"h1\" id=\"counter_1647\" style=\"color:#eab830\"><\/div>\n\t\t\t\t<div class=\"stats_counter_title h5\" style=\"color:#fff\">CLASSES<\/div>\n\t\t\t\t<script type=\"text\/javascript\">\n\t\t\tjQuery(document).ready(function($) {\n\t\t\t\tvar counter_1647 = new countUp(\"counter_1647\", 0, 17, 0, 2.5, {\n\t\t\t\t\tuseEasing : true,\n\t\t\t\t\tuseGrouping: true,\n\t\t\t\t\tseparator : ',',\n\t\t\t\t});\n\t\t\t\t\n\t\t\t\t$(window).scroll(function(){\n\t\t\t\t\tif( $(\"#counter_1647\").is_on_screen() ){\n\t\t\t\t\t\tcounter_1647.start();\n\t\t\t\t\t}\n\t\t\t\t});\n\t\t\t});\n\t\t<\/script>\n\t<\/div><\/div><\/div><div class=\"wpb_column vc_column_container vc_col-sm-3\"><div class=\"wpb_wrapper\">\n<div class=\"stats_counter text-center\" style=\"color:#fff\">\n\t\t\t<div class=\"icon\" style=\"height: 72px;\"><i style=\"font-size: 65px;\" class=\"fa fa fa-building-o\"><\/i><\/div>\n\t\t\t\t<div class=\"h1\" id=\"counter_6670\" style=\"color:#eab830\"><\/div>\n\t\t\t\t<div class=\"stats_counter_title h5\" style=\"color:#fff\">UNIDADES<\/div>\n\t\t\t\t<script type=\"text\/javascript\">\n\t\t\tjQuery(document).ready(function($) {\n\t\t\t\tvar counter_6670 = new countUp(\"counter_6670\", 0, 3, 0, 2.5, {\n\t\t\t\t\tuseEasing : true,\n\t\t\t\t\tuseGrouping: true,\n\t\t\t\t\tseparator : ',',\n\t\t\t\t});\n\t\t\t\t\n\t\t\t\t$(window).scroll(function(){\n\t\t\t\t\tif( $(\"#counter_6670\").is_on_screen() ){\n\t\t\t\t\t\tcounter_6670.start();\n\t\t\t\t\t}\n\t\t\t\t});\n\t\t\t});\n\t\t<\/script>\n\t<\/div><\/div><\/div><div class=\"wpb_column vc_column_container vc_col-sm-3\"><div class=\"wpb_wrapper\">\n<div class=\"stats_counter text-center\" style=\"color:#fff\">\n\t\t\t<div class=\"icon\" style=\"height: 72px;\"><i style=\"font-size: 65px;\" class=\"fa fa-icon-stm_icon_teacher\"><\/i><\/div>\n\t\t\t\t<div class=\"h1\" id=\"counter_3919\" style=\"color:#eab830\"><\/div>\n\t\t\t\t<div class=\"stats_counter_title h5\" style=\"color:#fff\">PROFESSORES<\/div>\n\t\t\t\t<script type=\"text\/javascript\">\n\t\t\tjQuery(document).ready(function($) {\n\t\t\t\tvar counter_3919 = new countUp(\"counter_3919\", 0, 24, 0, 2.5, {\n\t\t\t\t\tuseEasing : true,\n\t\t\t\t\tuseGrouping: true,\n\t\t\t\t\tseparator : ',',\n\t\t\t\t});\n\t\t\t\t\n\t\t\t\t$(window).scroll(function(){\n\t\t\t\t\tif( $(\"#counter_3919\").is_on_screen() ){\n\t\t\t\t\t\tcounter_3919.start();\n\t\t\t\t\t}\n\t\t\t\t});\n\t\t\t});\n\t\t<\/script>\n\t<\/div><\/div><\/div><\/div><\/div><\/div><\/div><div class=\"vc_row-full-width\"><\/div><div class=\"vc_row wpb_row vc_row-fluid stm_countdown_bg vc_custom_1437457459868\"><div class=\"wpb_column vc_column_container vc_col-sm-7\"><div class=\"wpb_wrapper\">\t<div class=\"vc_empty_space\"  style=\"height: 32px\" ><span\n\t\t\tclass=\"vc_empty_space_inner\"><\/span><\/div>\n\n\n\t<div class=\"wpb_text_column wpb_content_element  vc_custom_1456422311815\">\n\t\t<div class=\"wpb_wrapper\">\n\t\t\t<h2 class=\"white-heading\" style=\"line-height: 36px; color: #ffffff; text-align: center;\"><span class=\"demo-label\" style=\"color: #ffffff;\">ENTRE EM CONTATO CONOSCO<\/span><\/h2>\n<h2 class=\"white-heading\" style=\"line-height: 36px; color: #ffffff; text-align: center;\"><span class=\"demo-label\" style=\"color: #000000;\">TIRE SUAS D\u00daVIDAS<\/span><\/h2>\n\n\t\t<\/div> \n\t<\/div> \n\t<div class=\"stm_colored_separator vc_custom_1456422320884\">\n\t\t<div class=\"triangled_colored_separator\" style=\"background-color:#0f6dbf; \">\n\t\t\t<div class=\"triangle\" style=\"border-bottom-color:#0f6dbf;\"><\/div>\n\t\t<\/div>\n\t<\/div>\t<div class=\"vc_empty_space\"  style=\"height: 10px\" ><span\n\t\t\tclass=\"vc_empty_space_inner\"><\/span><\/div>\n\n<div class=\"vc_row wpb_row vc_inner vc_row-fluid vc_custom_1456422484848\"><div class=\"wpb_column vc_column_container vc_col-sm-12\"><div class=\"wpb_wrapper\">\n\t<div class=\"wpb_text_column wpb_content_element \">\n\t\t<div class=\"wpb_wrapper\">\n\t\t\t<p><span style=\"color: #ffffff;\">Ensino Fundamental I e II<\/span><br \/>\n<span style=\"color: #ffffff;\">Rua Cangamba, 80 \u2013 Bairro A.E.Carvalho<\/span><br \/>\n<span style=\"color: #ffffff;\">11 2043-3678<\/span><\/p>\n<p><span style=\"color: #ffffff;\">Ensino Infantil<\/span><br \/>\n<span style=\"color: #ffffff;\">Rua Surucu\u00e1s, 163 \u2013 Bairro A.E.Carvalho<\/span><br \/>\n<span style=\"color: #ffffff;\">11 2026-7923<\/span><\/p>\n\n\t\t<\/div> \n\t<\/div> <\/div><\/div><\/div><\/div><\/div><div class=\"wpb_column vc_column_container vc_col-sm-5\"><div class=\"wpb_wrapper\">\n\t<div class=\"stm_sign_up_now \">\n\t\t<div class=\"stm_sign_up_now_inner\">\n\t\t\t\t\t\t\t\t\t\t\t\t\t\t<div class=\"stm_sign_up_form\">\n\t\t\t\t\t<div role=\"form\" class=\"wpcf7\" id=\"wpcf7-f817-o1\" lang=\"en-US\" dir=\"ltr\">\n<div class=\"screen-reader-response\"><p role=\"status\" aria-live=\"polite\" aria-atomic=\"true\"><\/p> <ul><\/ul><\/div>\n<form action=\"\/index.php?rest_route=%2Fwp%2Fv2%2Fpages%2F8#wpcf7-f817-o1\" method=\"post\" class=\"wpcf7-form init\" novalidate=\"novalidate\" data-status=\"init\">\n<div style=\"display: none;\">\n<input type=\"hidden\" name=\"_wpcf7\" value=\"817\" \/>\n<input type=\"hidden\" name=\"_wpcf7_version\" value=\"5.4\" \/>\n<input type=\"hidden\" name=\"_wpcf7_locale\" value=\"en_US\" \/>\n<input type=\"hidden\" name=\"_wpcf7_unit_tag\" value=\"wpcf7-f817-o1\" \/>\n<input type=\"hidden\" name=\"_wpcf7_container_post\" value=\"0\" \/>\n<input type=\"hidden\" name=\"_wpcf7_posted_data_hash\" value=\"\" \/>\n<\/div>\n<p>Seu nome (obrigat\u00f3rio)<br \/>\n    <span class=\"wpcf7-form-control-wrap your-name\"><input type=\"text\" name=\"your-name\" value=\"\" size=\"40\" class=\"wpcf7-form-control wpcf7-text wpcf7-validates-as-required\" aria-required=\"true\" aria-invalid=\"false\" \/><\/span> <\/p>\n<p>Seu e-mail (obrigat\u00f3rio)<br \/>\n    <span class=\"wpcf7-form-control-wrap your-email\"><input type=\"email\" name=\"your-email\" value=\"\" size=\"40\" class=\"wpcf7-form-control wpcf7-text wpcf7-email wpcf7-validates-as-required wpcf7-validates-as-email\" aria-required=\"true\" aria-invalid=\"false\" \/><\/span> <\/p>\n<p>Assunto<br \/>\n    <span class=\"wpcf7-form-control-wrap your-subject\"><input type=\"text\" name=\"your-subject\" value=\"\" size=\"40\" class=\"wpcf7-form-control wpcf7-text\" aria-invalid=\"false\" \/><\/span> <\/p>\n<p>Sua mensagem<br \/>\n    <span class=\"wpcf7-form-control-wrap your-message\"><textarea name=\"your-message\" cols=\"40\" rows=\"10\" class=\"wpcf7-form-control wpcf7-textarea\" aria-invalid=\"false\"><\/textarea><\/span> <\/p>\n<p><input type=\"submit\" value=\"Enviar\" class=\"wpcf7-form-control wpcf7-submit\" \/><\/p>\n<div class=\"wpcf7-response-output\" aria-hidden=\"true\"><\/div><\/form><\/div>\t\t\t\t<\/div>\n\t\t\t\t\t<\/div>\n\t<\/div> <!-- stm_subscribe --><\/div><\/div><\/div>\n","protected":false},"excerpt":{"rendered":"EDUCA\u00c7\u00c3O INFANTIL Unidade III - Educa\u00e7\u00e3o Infantil: Maternal e jardim - alunos de 1 ano e 8 meses \u00e0 5 anos de idade. Rua: Surucuas, 163 + Detalhes ENSINO FUNDAMENTAL l e II Unidade II - Ensino Fundamental: Ensino Fundamental 1\u00ba ano ao 9 \u00ba ano. Rua: Cangamba, 80 + Detalhes CONTATO Ensino Infantil Ensino [...]","protected":false},"author":1,"featured_media":0,"parent":0,"menu_order":0,"comment_status":"open","ping_status":"closed","template":"","meta":[],"_links":{"self":[{"href":"https:\/\/colegiosabioviver.com.br\/index.php?rest_route=\/wp\/v2\/pages\/8"}],"collection":[{"href":"https:\/\/colegiosabioviver.com.br\/index.php?rest_route=\/wp\/v2\/pages"}],"about":[{"href":"https:\/\/colegiosabioviver.com.br\/index.php?rest_route=\/wp\/v2\/types\/page"}],"author":[{"embeddable":true,"href":"https:\/\/colegiosabioviver.com.br\/index.php?rest_route=\/wp\/v2\/users\/1"}],"replies":[{"embeddable":true,"href":"https:\/\/colegiosabioviver.com.br\/index.php?rest_route=%2Fwp%2Fv2%2Fcomments&post=8"}],"version-history":[{"count":138,"href":"https:\/\/colegiosabioviver.com.br\/index.php?rest_route=\/wp\/v2\/pages\/8\/revisions"}],"predecessor-version":[{"id":2684,"href":"https:\/\/colegiosabioviver.com.br\/index.php?rest_route=\/wp\/v2\/pages\/8\/revisions\/2684"}],"wp:attachment":[{"href":"https:\/\/colegiosabioviver.com.br\/index.php?rest_route=%2Fwp%2Fv2%2Fmedia&parent=8"}],"curies":[{"name":"wp","href":"https:\/\/api.w.org\/{rel}","templated":true}]}}